 -16) + -2 - (-14 - -3).
27
(-14 + -5 - -54) + -9
26
(-11 + -1 + 1 - -6) + (10 - -9)
14
Evaluate (-12 - -8 - 1) + -3 + -9.
-17
What is 12 + (-7 - -4) + (-85 - -101)?
25
What is the value of (-8 - -3 - 0 - -12) + (-21 - -1)?
-13
Calculate (-23 - 18) + 14 + 13.
-14
31 - (-74 - -58) - (1 - -15)
31
What is 3 + (5 - -4) + 0 + -3?
9
(-5 - -12) + -8 + -6 - 5
-12
What is (89 - 128) + (9 - -1) + 9?
-20
What is the value of 17 + 6 + 11 - 0 - 19?
15
(7 + 14 - 5) + -13 - 3
0
Calculate 19 - (-2 + 10 + -1).
12
What is the value of -2 + 12 + -7 + (-9 - -1)?
-5
What is the value of (0 - (20 + 3) - -9) + 25?
11
Evaluate -7 - ((-3 - (-6 + -1 - -1)) + -20).
10
What is the value of (15 - (3 + 9)) + (-2 - (0 + 1))?
0
What is the value of (-50 - -42) + 7 + -14?
-15
What is 1 + -14 - (-50 - -31)?
6
What is 2 + 2 + (50 - 47) - 26?
-19
What is -1 + -3 + -9 + 16 + (-3 - 2)?
-2
Evaluate -7 - ((20 - 22) + (-3 - 0)).
-2
What is -23 + 11 + (-2 - 1)?
-15
Calculate 13 + (-15 - -4) - 6.
-4
-4 + (4 - 4) - (-17 - (-42 + 28))
-1
What is the value of (90 - 97) + (-3 - 0) + 2?
-8
8 + (-12 - (14 + -6 + -2 - -21))
-31
Calculate -99 - -144 - (-1 - -6 - -9).
31
What is 5 - (-28 - -19) - 7?
7
Calculate 25 + -25 + (17 - 4).
13
What is -28 + -10 + 28 + 4?
-6
What is the value of -25 - (-11 - (22 + -24))?
-16
-2 + (-4 - -3) - (-34 + 33)
-2
Calculate 23 + (19 - 17) + -13.
12
What is the value of 4 - (-15 + 17 + -8 + -14 + 4)?
20
Evaluate -1 + -7 + -4 + 7 + -36 + 29.
-12
(-221 - -207) + (-2 - -1)
-15
What is 14 + (3 + -7 - 1)?
9
What is -3 - (-5 + 0 - 5)?
7
3 + (1 + 13 - 2) + -25
-10
What is the value of -1 + -1 + 0 - (27 - (3 + 9))?
-17
What is the value of (-25 + 18 - -12) + 0 + 3?
8
Evaluate 7 + -1 + (73 - 78) - -2.
3
What is the value of -20 + (-2 + 12 - 6)?
-16
What is -9 + 16 - (-17 + 24 + 17 + 1)?
-18
Calculate 13 - (4 + (-3 - -1)).
11
21 + (-10 - 10) + 4
5
What is -6 - (-1 + 7 + -1)?
-11
Calculate -25 + (-1 - (-7 - -3)) - (-24 - -17).
-15
16 + 3 + -8 + 0
11
What is -1 + -18 + 3 + 21?
5
What is -1 - (1 - 3 - -11)?
-10
Evaluate (16 - 38) + (0 + 6 - -1).
-15
What is -4 - 2 - (-20 + -6 + -5 + 3)?
22
Calculate (1 + -12 + 14 - 1) + 6.
8
What is the value of -14 - (4 + (5 - 4) + 0 - 11)?
-8
-2 + -13 + 11 + 6 - (4 - 6)
4
What is the value of -2 + (2 - -4) + -8 - 7?
-11
0 + -17 + (-8 - -15 - 10) + 6
-14
What is 4 - (-5 + (16 + -12 - (-1 + -1)))?
3
-2 + 16 + (-158 - -125)
-19
What is the value of 38 + -34 + (-16 - 2)?
-14
(10 - (8 + -4)) + 15 + -22 + 19
18
What is the value of -6 - 23 - (-3 + -13)?
-13
What is the value of 0 + 7 - 6 - (13 + -9)?
-3
What is (-21 - 0) + 16 + 6 + (-1 - -10)?
10
What is 6 + -5 + 9 - (-41 - -61)?
-10
(-55 - -59) + (1 - 8)
-3
Calculate (-6 + 12 - (24 + -19)) + 8.
9
What is the value of -4 + 1 - -13 - (296 - 293)?
7
Calculate 26 - (15 + -17) - 7.
21
What is -31 + 40 + -11 + 2 + 4 + -3?
1
Evaluate -28 + 30 + (7 - 12) + 4 + -1.
0
Calculate 106 + -104 - (2 - (0 + -1 + 14)).
13
Evaluate 128 - 124 - (1 - (-2 - 0)).
1
What is the value of (2 - -2) + (31 - 39) - -4?
0
What is 4 + (0 + -6 - (7 - (1 + 0)))?
-8
What is the value of (0 - -3) + (-15 + 1 - (-49 - -45))?
-7
Calculate 11 + (-28 - -50) + -64.
-31
(-1 - -5) + -3 - (-19 - -27)
-7
Evaluate 16 + -1 - (22 + 109 + -91).
-25
Calculate 15 + (16 + -5 - 0) + -12.
14
18 + (-19 - -10) - (2 + 13)
-6
What is the value of 1 + (-13 - 18) + 4 - -8?
-18
What is the value of 1 - -7 - (-1 + -20 + (11 - -7))?
11
Calculate (1 - 15) + -18 + 27 + -9.
-14
What is (16 - (7 + -2)) + -1 + -32?
-22
Calculate -3 + (-8 - -1) + (9 - -2 - -6).
7
What is the value of -3 + (3 + -4 - -1) + -9?
-12
What is (0 - 1) + 20 + -39 + 27?
7
What is the value of 17 - (14 - 33 - -24)?
12
What is (-10 + (9 - -16) - 3) + -1 + 1?
12
What is 30 + (-25 - -7) + 3?
15
Calculate 1 + -20 + 23 + (-2 - 11).
-9
Calculate 1 + -3 + (3 - (-15 - (-19 + 7))).
4
7 - (-6 - (12 - 4 - (2 - -4)))
15
Evaluate -327 - -329 - (-17 - 1).
20
Calculate 9 + (4 - (10 + -9 - -10)) - -9.
11
66 + -37 - 69 - (-2 - -1 - 2)
-37
32 - 35 - (-1 - (3 + 7))
8
What is (-3 - 7) + -1 + -32 + 54?
11
Calculate -125 + 125 + -29 + 6.
-23
What is the value of -2 + 11 + (-30 + 18 - -16) + -40?
-27
What is the value of -18 + -7 + -1 + 9?
-17
What is -6 - (2 - (7 + -8) - 17)?
8
Evaluate -13 + (10 - 8) + -6 + 38.
21
Calculate (-8 - -16) + (-34 - -28 - (1 - 11)).
12
Calculate 21 + (-47 - -40 - (3 + -2)).
13
What is 12 + ((-9 - -2) + (8 - 2) - 5)?
6
What is (71 - 23) + -9 - 37?
2
(-10 + 6 - -16) + (14 - 15)
11
What is the value of -10 + (-35 + 28 - (-3 - -1))?
-15
What is 14 + 2 + (-15 - (-2 - 6)) + 4?
13
-1 + -5 + (0 + -4 - (-35 + 28))
-3
Evaluate -3 + 0 + -3 - (-61 - -48) - 9.
-2
-46 + (37 - (-7 + -38))
36
0 - -12 - (-11 - (-9 - 7))
7
Evaluate -19 + (-5 - -5) + (-4 - -2) + 6.
-15
Calculate 10 + (12 - (19 + -10 + -8)).
21
Evaluate -2 + -4 + (-52 - -51) - -19.
12
What is the value of (-6 - (9 + -18)) + -4?
-1
Calculate 1 + (14 - (22 - 19)).
12
Evaluate (-24 - -5 - -2) + (-11 - -16) + -10.
-22
Evaluate 4 + -3 + (-2 - 6 - 1).
-8
-2 + -9 - (59 + -17 + -44)
-9
-4 - (0 + 0) - -2 - (-2 + 16)
-16
What is -12 + -9 + (-9 - -6)?
-24
What is the value of 13 + -1 + 16 + -11?
17
What is the value of -27 - (32 - 66 - 20)?
27
What is (0 - (5 - 2 - (18 - 22))) + 17?
10
Evaluate -15 - (4 + -10) - (9 + -20 - -3).
-1
-34 - -4 - -56 - -4
30
What is the value of 21 + (-33 + 26 - -11)?
25
Evaluate 34 + 0 - 30 - 0.
4
What is the value of (13 - (-15 + 19)) + -11 + 30?
28
Calculate 6 + 0 + (-51 - -104 - 46).
13
Evaluate (5 - -6 - (49 + -16)) + -13.
-35
Evaluate -4 - (-11 + -3 - (-9 - -1)).
2
Calculate 2 + -1 - -1 - (1 + 0) - 2.
-1
Evaluate (-1 - -18) + -20 + -1 + -3.
-7
What is the value of -3 + -6 + 6 + -2 + -1 + -3?
-9
What is -13 + (-8 - (-5 + -15))?
-1
-3 - (13 + (6 + -15 - (2 - 1)))
-6
Evaluate (8 + -18 - -16) + -33.
-27
What is the value of 19 + (30 - 49) + 13 + -4?
9
What is 1 + -4 - (-119 - -76 - -5)?
35
What is the value of 3 + -1 + -11 - (7 - -6)?
-22
What is the value of 9 + (9 + -11 + -2 - -1)?
6
Calculate -2 - (-46 + 10) - 35.
-1
What is the value of -1 + 4 - (19 + 5 + -10 - 9)?
-2
What is (6 - (-14 + 1 - -33)) + 10?
-4
Evaluate -1 + 1 + (-8 - 5 - -6).
-7
(-7 + 18 + -2 - 10) + -5
-6
Calculate 20 - 4 - (-3 - -13).
6
(0 - -3) + 100 + -104 - (16 + 2)
-19
What is the value of (-894 - -927) + (-52 - -2)?
-17
-1 + (19 - 39) + 26
5
What is the value of -13 - ((-8 - -9) + -8)?
-6
(-29 - -1) + (-1 - -1) - (341 + -341)
-28
What is the value of 11 + 0 - (1 - (5 - 12 - -10))?
13
Calculate (14 - 15) + (0 - 14) + (-3 - -5).
-13
13 + -1 + (31 - (55 + 7))
-19
Evaluate (3 - -24 - 16) + -1 + 0.
10
Calculate -32 + (39 - 6) + (0 - (-1 - -1)).
1
What is 11 + ((5 - 9) + 3 - 15)?
-5
Evaluate (-2 - (-1 + -5 + 6)) + (7 - 5).
0
What is the value of -11 + (16 - 8) + (0 - -9) + 4?
10
Calculate ((17 - 1) + -6 - 17) + 21.
14
0 + -19 - (-28 + 11) - -28
26
What is -16 + (93 - 50) + -1 + -9?
17
8 - (15 + -12 + 6 + 1)
-2
What is the value of 1 - ((2 + -12 - (0 + -4)) + -2)?
9
Calculate (-5 - -5) + (-12 - (4 + (-11 - -9))).
-14
Calculate -9 + (-4 + 33 - 27).
-7
What is the value of (-45 - -13) + 50 + -15?
3
What is the value of 24 + -6 + (3 - 46)?
-25
Evaluate -155 + 147 + (10 - 0) + 5.
7
Calculate 15 + 5 + 4 + -20.
4
Evaluate -75 - -70 - (2 - (-2 - 1)).
-10
-2 - 3 - 10 - (-13 + 5 + 20)
-27
What is 3 + (4 - ((9 - 0 - 7) + -4))?
9
-1 + 0 - 8 - (6 + 4 + 5)
-24
6 - ((1 - 15) + 13) - (1 - 13)
19
What is 29 - (66 - 42) - (10 + 1)?
-6
What is the value of 8 + -2 + 0 - (0 + 7)?
-1
Evaluate 132 - 162 - (-9 + 0).
-21
What is the value of (-6 - (-7 + 5)) + (9 - (4 - 3))?
4
8 + (-3 + -16 - -8)
-3
Evaluate -2 - (3 - (1 - -10) - (4 + -3)).
7
Evaluate 0 - -14 - (158 - 156).
12
Calculate -6 + (17 - 8) + -19 + 20 + -11.
-7
Calculate (-16 - -8 - -4) + (15 - 1).
10
-21 + (-7 + 9 - -1) + 0 + 7
-11
Calculate (-14 - (8 + -11)) + 17 + -5.
1
Calculate (-56 - -54) + (-5 - 0) + 14.
7
Evaluate -4 + (3 - (9 - (14 + -3))).
1
Calculate 0 + (-2 - 11) - (39 - (-10 - -40)).
-22
Evaluate (44 - 42 - -21) + 14.
37
Calculate 9 - 0 - (-6 - -12).
3
What is -6 + (6 - -6 - 6) - 5?
-5
(-6 - 3 - -10) + 27
28
What is the value of 22 - (21 + 21) - -18?
-2
What is the value of -3 + 5 + (8 - -5) + 2 + -6?
11
What is 0 + (-10 + (0 - 1) + 7 - 16)?
-20
Calculate (1378 - 1343) + -19 + 1.
17
What is (-3 - -